{"id":304,"date":"2024-12-11T15:45:57","date_gmt":"2024-12-11T14:45:57","guid":{"rendered":"https:\/\/marionpolice.press\/?page_id=304"},"modified":"2026-01-05T10:09:10","modified_gmt":"2026-01-05T09:09:10","slug":"a-propos","status":"publish","type":"page","link":"https:\/\/marionpolice.press\/?page_id=304","title":{"rendered":"A propos"},"content":{"rendered":"\n<figure class=\"wp-block-image aligncenter size-large\"><img loading=\"lazy\" decoding=\"async\" width=\"1024\" height=\"768\" src=\"https:\/\/marionpolice.press\/wp-content\/uploads\/2026\/01\/WEBMarionPolice2025\u00a9florencezufferey-7-1024x768.jpg\" alt=\"\" class=\"wp-image-447\" srcset=\"https:\/\/marionpolice.press\/wp-content\/uploads\/2026\/01\/WEBMarionPolice2025\u00a9florencezufferey-7-1024x768.jpg 1024w, https:\/\/marionpolice.press\/wp-content\/uploads\/2026\/01\/WEBMarionPolice2025\u00a9florencezufferey-7-300x225.jpg 300w, https:\/\/marionpolice.press\/wp-content\/uploads\/2026\/01\/WEBMarionPolice2025\u00a9florencezufferey-7-768x576.jpg 768w, https:\/\/marionpolice.press\/wp-content\/uploads\/2026\/01\/WEBMarionPolice2025\u00a9florencezufferey-7-1536x1152.jpg 1536w, https:\/\/marionpolice.press\/wp-content\/uploads\/2026\/01\/WEBMarionPolice2025\u00a9florencezufferey-7-2048x1536.jpg 2048w\" sizes=\"auto, (max-width: 1024px) 100vw, 1024px\" \/><\/figure>\n\n\n\n<p><strong>Bonjour \u00e0 toi, lecteur, lectrice \u00e9gar\u00e9e (ou pas)<\/strong><\/p>\n\n\n\n<p>Tu trouveras ici une fen\u00eatre ouverte sur mon travail de journaliste, mais aussi sur mes divagations (que j&#8217;esp\u00e8re) litt\u00e9raires et photographiques.<\/p>\n\n\n\n<p>Autrement dit, tu pourras tomber sur mes archives d&#8217;articles et reportages pass\u00e9s, mais aussi sur les histoires d&#8217;inconnu.es invent\u00e9es au fil du train, peut-\u00eatre une ou deux nouvelles et quelques instantan\u00e9s glan\u00e9s ici ou l\u00e0.<\/p>\n\n\n\n<p>Si l&#8217;une ou l&#8217;autre de mes casquettes t&#8217;int\u00e9resse, n&#8217;h\u00e9site pas \u00e0 me laisser <a href=\"https:\/\/marionpolice.press\/?page_id=136\"><u>un petit mot<\/u><\/a>.<\/p>\n\n\n\n<p>Je suis aussi pr\u00e9sente sur Instagram avec un compte d\u00e9di\u00e9 \u00e0 mes \u00e9crits <a href=\"https:\/\/www.instagram.com\/lab.melancolique\/?locale=uken1&amp;hl=am-et\">@lab.melancolique <\/a> et sur <a href=\"https:\/\/www.linkedin.com\/in\/marion-police-7650bab0\/\">Linkedin<\/a> pour un versant plus professionnel.<\/p>\n\n\n\n<hr class=\"wp-block-separator has-alpha-channel-opacity\"\/>\n\n\n\n<p class=\"has-text-align-center\"><strong>Biographie en dates <\/strong><\/p>\n\n\n\n<hr class=\"wp-block-separator has-alpha-channel-opacity\"\/>\n\n\n\n<p><strong>1995 &#8211; Naissance \u00e0 Nyon <\/strong><\/p>\n\n\n\n<p>Je suis le r\u00e9sultat de la rencontre entre une femme des montagnes et un homme de la mer, un<em> melting pot <\/em>topographique qui a pour cons\u00e9quence de rendre infructueuse toute tentative d&#8217;identification \u00e0 l&#8217;un ou l&#8217;autre de ces &#8220;extr\u00eames&#8221;&#8230; et une inclinaison naturelle pour <strong>le doute<\/strong>. Pour le voyage, aussi, car ce sacr\u00e9 bin\u00f4me n&#8217;a eu de cesse de me faire bourlinguer.<\/p>\n\n\n\n<p><strong>2008 &#8211; J&#8217;auto-\u00e9dite chez Publibook mon &#8220;premier roman&#8221; <\/strong><\/p>\n\n\n\n<p><strong>2014 &#8211; Je passe quatre mois en Irlande<\/strong><\/p>\n\n\n\n<p>A Cork, pour am\u00e9liorer mes connaissances linguistiques et passer mon dipl\u00f4me CAE. J&#8217;y d\u00e9couvre un pays o\u00f9 la bruine n&#8217;entrave pas l&#8217;humeur et repars amoureuse de ses c\u00f4tes d\u00e9chir\u00e9es, des sourires bourrus de ses habitants, de ses soir\u00e9es au rythme du violon, ses effluves de poisson frit!<\/p>\n\n\n\n<p><strong>2016 &#8211; Cr\u00e9ation du Collectif Transversal<\/strong><\/p>\n\n\n\n<p>Une association co-cr\u00e9\u00e9e avec Giulia Cela et Sidonie Pradervand avec pour but d&#8217;organiser une exposition annuelle par et pour les jeunes artistes Nyonnais.es<\/p>\n\n\n\n<p><strong>2017 &#8211; J&#8217;obtiens mon Bachelor en Ethnologie et Sciences de la communication<\/strong><\/p>\n\n\n\n<p>Alors j&#8217;h\u00e9site \u00e0 me lancer dans un Master en anthropologie, puisque j&#8217;ai d\u00e9velopp\u00e9 cette curiosit\u00e9 pour &#8220;l&#8217;autre&#8221; qui se trouve, bien souvent, juste \u00e0 c\u00f4t\u00e9&#8230;<\/p>\n\n\n\n<p>La m\u00eame ann\u00e9e, je me lance dans ma premi\u00e8re exp\u00e9rience de &#8220;Wwoofing&#8221; dans les pyr\u00e9n\u00e9es b\u00e9arnaises. J&#8217;y retournerai souvent.<\/p>\n\n\n\n<p><strong>2019 &#8211; Mais finalement j&#8217;empoche un Master en journalisme<\/strong><\/p>\n\n\n\n<p>De l&#8217;Acad\u00e9mie du journalisme et des m\u00e9dias de l&#8217;UNINE tout en travaillant pour La C\u00f4te (ma premi\u00e8re \u00e9cole!) et je suis vite embauch\u00e9e par le quotidien de r\u00e9f\u00e9rence Le Temps o\u00f9 je resterai un peu plus de deux ans au sein de la rubrique Soci\u00e9t\u00e9.<\/p>\n\n\n\n<p><strong>2021 &#8211; Je deviens journaliste reporter d&#8217;images<\/strong><\/p>\n\n\n\n<p>&#8230; en Valais, pour Canal9\/Kanal9. La pand\u00e9mie, le besoin de passer moins de temps assise \u00e0 un bureau, me poussent vers ce nouveau poste dans un canton que je connais peu, mais qui me sourira beaucoup! Le fait d&#8217;\u00e9crire moins pour mon travail me permet aussi de me relancer dans l&#8217;\u00e9criture <em>pour le plaisir<\/em>, m\u00eame si je contribue encore r\u00e9guli\u00e8rement aux pages du Temps.<\/p>\n\n\n\n<p><strong>2023 &#8211; Sortie de La Toison Dort<\/strong><\/p>\n\n\n\n<p>Mon premier court-m\u00e9trage documentaire en co-r\u00e9alisation avec Hugo Cousino sort apr\u00e8s un crowdfunding r\u00e9ussi et nous permet de faire de magnifiques rencontres. <a href=\"https:\/\/marionpolice.press\/?page_id=14\" data-type=\"page\" data-id=\"14\">Plus d&#8217;infos ici. <\/a><\/p>\n\n\n\n<p><strong>2025 &#8211; D\u00e9part pour une ann\u00e9e de marche <\/strong><\/p>\n\n\n\n<p>Et de questions! Du Portugal \u00e0 la Belgique, mon compagnon et moi avons souhait\u00e9 prendre le temps, un temps pr\u00e9cieux que nous peinions \u00e0 trouver dans notre quotidien, et d\u00e9finir ce que nous souhaitons pour les prochaines ann\u00e9es.<\/p>\n\n\n\n<p>2026 &#8211; Le meilleur est \u00e0 venir ?<\/p>\n\n\n\n<p><\/p>\n","protected":false},"excerpt":{"rendered":"<p>Bonjour \u00e0 toi, lecteur, lectrice \u00e9gar\u00e9e (ou pas) Tu trouveras ici une fen\u00eatre ouverte sur mon travail de journaliste, mais aussi sur mes divagations (que j&#8217;esp\u00e8re) litt\u00e9raires et photographiques. Autrement dit, tu pourras tomber sur mes archives d&#8217;articles et reportages pass\u00e9s, mais aussi sur les histoires d&#8217;inconnu.es invent\u00e9es au fil du train, peut-\u00eatre une ou [&hellip;]<\/p>\n","protected":false},"author":1,"featured_media":0,"parent":0,"menu_order":0,"comment_status":"closed","ping_status":"closed","template":"","meta":{"footnotes":""},"class_list":["post-304","page","type-page","status-publish","hentry"],"_links":{"self":[{"href":"https:\/\/marionpolice.press\/index.php?rest_route=\/wp\/v2\/pages\/304","targetHints":{"allow":["GET"]}}],"collection":[{"href":"https:\/\/marionpolice.press\/index.php?rest_route=\/wp\/v2\/pages"}],"about":[{"href":"https:\/\/marionpolice.press\/index.php?rest_route=\/wp\/v2\/types\/page"}],"author":[{"embeddable":true,"href":"https:\/\/marionpolice.press\/index.php?rest_route=\/wp\/v2\/users\/1"}],"replies":[{"embeddable":true,"href":"https:\/\/marionpolice.press\/index.php?rest_route=%2Fwp%2Fv2%2Fcomments&post=304"}],"version-history":[{"count":25,"href":"https:\/\/marionpolice.press\/index.php?rest_route=\/wp\/v2\/pages\/304\/revisions"}],"predecessor-version":[{"id":449,"href":"https:\/\/marionpolice.press\/index.php?rest_route=\/wp\/v2\/pages\/304\/revisions\/449"}],"wp:attachment":[{"href":"https:\/\/marionpolice.press\/index.php?rest_route=%2Fwp%2Fv2%2Fmedia&parent=304"}],"curies":[{"name":"wp","href":"https:\/\/api.w.org\/{rel}","templated":true}]}}